{"id":15,"date":"2020-12-26T22:14:16","date_gmt":"2020-12-26T21:14:16","guid":{"rendered":"http:\/\/www.farmamacas.cz\/?page_id=15"},"modified":"2023-12-14T19:12:01","modified_gmt":"2023-12-14T18:12:01","slug":"ustajeni-koni","status":"publish","type":"page","link":"https:\/\/farmamacas.cz\/index.php\/ustajeni-koni\/","title":{"rendered":"Ust\u00e1jen\u00ed kon\u00ed"},"content":{"rendered":"\n<p>Pro z\u00e1jemce z \u0159ad chovatel\u016f ko\u0148\u016f nab\u00edz\u00edme ust\u00e1jen\u00ed v prostorn\u00fdch boxem spl\u0148uj\u00edc\u00edch ty nejp\u0159\u00edsn\u011bj\u0161\u00ed po\u017eadavky na ust\u00e1jen\u00ed kon\u00ed. Chovatel m\u00e1 mo\u017enost se o kon\u011b starat s\u00e1m, je zde ale i mo\u017enost kompletn\u00edho servisu, tedy krmen\u00ed, zaji\u0161t\u011bn\u00ed v\u00fdb\u011bhu apod. V\u0161e je na konkr\u00e9tn\u00ed domluv\u011b.<\/p>\n\n\n\n<figure class=\"wp-block-gallery has-nested-images columns-default is-cropped wp-block-gallery-1 is-layout-flex wp-block-gallery-is-layout-flex\">\n<figure class=\"wp-block-image size-large\"><img loading=\"lazy\" decoding=\"async\" width=\"1024\" height=\"768\" data-id=\"75\" src=\"https:\/\/farmamacas.cz\/wp-content\/uploads\/2020\/12\/IMG_0306.jpg\" alt=\"\" class=\"wp-image-75\" srcset=\"https:\/\/farmamacas.cz\/wp-content\/uploads\/2020\/12\/IMG_0306.jpg 1024w, https:\/\/farmamacas.cz\/wp-content\/uploads\/2020\/12\/IMG_0306-300x225.jpg 300w, https:\/\/farmamacas.cz\/wp-content\/uploads\/2020\/12\/IMG_0306-768x576.jpg 768w\" sizes=\"auto, (max-width: 1024px) 100vw, 1024px\" \/><\/figure>\n\n\n\n<figure class=\"wp-block-image size-large\"><img loading=\"lazy\" decoding=\"async\" width=\"768\" height=\"1024\" data-id=\"74\" src=\"https:\/\/farmamacas.cz\/wp-content\/uploads\/2020\/12\/IMG_0304-768x1024.jpg\" alt=\"\" class=\"wp-image-74\" srcset=\"https:\/\/farmamacas.cz\/wp-content\/uploads\/2020\/12\/IMG_0304-768x1024.jpg 768w, https:\/\/farmamacas.cz\/wp-content\/uploads\/2020\/12\/IMG_0304-225x300.jpg 225w, https:\/\/farmamacas.cz\/wp-content\/uploads\/2020\/12\/IMG_0304.jpg 1024w\" sizes=\"auto, (max-width: 768px) 100vw, 768px\" \/><\/figure>\n\n\n\n<figure class=\"wp-block-image size-large\"><img loading=\"lazy\" decoding=\"async\" width=\"1024\" height=\"768\" data-id=\"73\" src=\"https:\/\/farmamacas.cz\/wp-content\/uploads\/2020\/12\/IMG_0303.jpg\" alt=\"\" class=\"wp-image-73\" srcset=\"https:\/\/farmamacas.cz\/wp-content\/uploads\/2020\/12\/IMG_0303.jpg 1024w, https:\/\/farmamacas.cz\/wp-content\/uploads\/2020\/12\/IMG_0303-300x225.jpg 300w, https:\/\/farmamacas.cz\/wp-content\/uploads\/2020\/12\/IMG_0303-768x576.jpg 768w\" sizes=\"auto, (max-width: 1024px) 100vw, 1024px\" \/><\/figure>\n\n\n\n<figure class=\"wp-block-image size-large\"><img loading=\"lazy\" decoding=\"async\" width=\"1024\" height=\"768\" data-id=\"72\" src=\"https:\/\/farmamacas.cz\/wp-content\/uploads\/2020\/12\/IMG_0302.jpg\" alt=\"\" class=\"wp-image-72\" srcset=\"https:\/\/farmamacas.cz\/wp-content\/uploads\/2020\/12\/IMG_0302.jpg 1024w, https:\/\/farmamacas.cz\/wp-content\/uploads\/2020\/12\/IMG_0302-300x225.jpg 300w, https:\/\/farmamacas.cz\/wp-content\/uploads\/2020\/12\/IMG_0302-768x576.jpg 768w\" sizes=\"auto, (max-width: 1024px) 100vw, 1024px\" \/><\/figure>\n\n\n\n<figure class=\"wp-block-image size-large\"><img loading=\"lazy\" decoding=\"async\" width=\"1024\" height=\"768\" data-id=\"71\" src=\"https:\/\/farmamacas.cz\/wp-content\/uploads\/2020\/12\/IMG_0301.jpg\" alt=\"\" class=\"wp-image-71\" srcset=\"https:\/\/farmamacas.cz\/wp-content\/uploads\/2020\/12\/IMG_0301.jpg 1024w, https:\/\/farmamacas.cz\/wp-content\/uploads\/2020\/12\/IMG_0301-300x225.jpg 300w, https:\/\/farmamacas.cz\/wp-content\/uploads\/2020\/12\/IMG_0301-768x576.jpg 768w\" sizes=\"auto, (max-width: 1024px) 100vw, 1024px\" \/><\/figure>\n<\/figure>\n","protected":false},"excerpt":{"rendered":"<p>Pro z\u00e1jemce z \u0159ad chovatel\u016f ko\u0148\u016f nab\u00edz\u00edme ust\u00e1jen\u00ed v prostorn\u00fdch boxem spl\u0148uj\u00edc\u00edch ty nejp\u0159\u00edsn\u011bj\u0161\u00ed po\u017eadavky na ust\u00e1jen\u00ed kon\u00ed. Chovatel m\u00e1 mo\u017enost se o kon\u011b starat&hellip; <\/p>\n","protected":false},"author":1,"featured_media":0,"parent":0,"menu_order":0,"comment_status":"closed","ping_status":"closed","template":"","meta":{"footnotes":""},"class_list":["post-15","page","type-page","status-publish","hentry"],"_links":{"self":[{"href":"https:\/\/farmamacas.cz\/index.php\/wp-json\/wp\/v2\/pages\/15","targetHints":{"allow":["GET"]}}],"collection":[{"href":"https:\/\/farmamacas.cz\/index.php\/wp-json\/wp\/v2\/pages"}],"about":[{"href":"https:\/\/farmamacas.cz\/index.php\/wp-json\/wp\/v2\/types\/page"}],"author":[{"embeddable":true,"href":"https:\/\/farmamacas.cz\/index.php\/wp-json\/wp\/v2\/users\/1"}],"replies":[{"embeddable":true,"href":"https:\/\/farmamacas.cz\/index.php\/wp-json\/wp\/v2\/comments?post=15"}],"version-history":[{"count":3,"href":"https:\/\/farmamacas.cz\/index.php\/wp-json\/wp\/v2\/pages\/15\/revisions"}],"predecessor-version":[{"id":243,"href":"https:\/\/farmamacas.cz\/index.php\/wp-json\/wp\/v2\/pages\/15\/revisions\/243"}],"wp:attachment":[{"href":"https:\/\/farmamacas.cz\/index.php\/wp-json\/wp\/v2\/media?parent=15"}],"curies":[{"name":"wp","href":"https:\/\/api.w.org\/{rel}","templated":true}]}}