{"id":145,"date":"2023-12-12T00:30:42","date_gmt":"2023-12-11T23:30:42","guid":{"rendered":"http:\/\/www.farmamacas.cz\/?page_id=145"},"modified":"2023-12-14T19:28:28","modified_gmt":"2023-12-14T18:28:28","slug":"zpracovani-dreva","status":"publish","type":"page","link":"https:\/\/farmamacas.cz\/index.php\/zpracovani-dreva\/","title":{"rendered":"Zpracov\u00e1n\u00ed d\u0159eva"},"content":{"rendered":"\n<p>Zpracov\u00e1v\u00e1me d\u0159evo na vlastn\u00ed p\u00e1sov\u00e9 pile. Jsme schopni uspokojit objedn\u00e1vky na standartn\u00ed i atypick\u00e9 rozm\u011bry d\u0159eva. <\/p>\n\n\n\n<p><\/p>\n\n\n\n<figure class=\"wp-block-gallery has-nested-images columns-default is-cropped wp-block-gallery-1 is-layout-flex wp-block-gallery-is-layout-flex\">\n<figure class=\"wp-block-image size-large\"><img loading=\"lazy\" decoding=\"async\" width=\"1024\" height=\"473\" data-id=\"238\" src=\"https:\/\/farmamacas.cz\/wp-content\/uploads\/2023\/12\/20231206_131533-1024x473.jpg\" alt=\"\" class=\"wp-image-238\" srcset=\"https:\/\/farmamacas.cz\/wp-content\/uploads\/2023\/12\/20231206_131533-1024x473.jpg 1024w, https:\/\/farmamacas.cz\/wp-content\/uploads\/2023\/12\/20231206_131533-300x139.jpg 300w, https:\/\/farmamacas.cz\/wp-content\/uploads\/2023\/12\/20231206_131533-768x355.jpg 768w, https:\/\/farmamacas.cz\/wp-content\/uploads\/2023\/12\/20231206_131533-1536x710.jpg 1536w, https:\/\/farmamacas.cz\/wp-content\/uploads\/2023\/12\/20231206_131533-2048x947.jpg 2048w, https:\/\/farmamacas.cz\/wp-content\/uploads\/2023\/12\/20231206_131533-600x277.jpg 600w\" sizes=\"auto, (max-width: 1024px) 100vw, 1024px\" \/><\/figure>\n\n\n\n<figure class=\"wp-block-image size-large\"><img loading=\"lazy\" decoding=\"async\" width=\"2560\" height=\"1183\" data-id=\"237\" src=\"https:\/\/farmamacas.cz\/wp-content\/uploads\/2023\/12\/20231206_131520-scaled.jpg\" alt=\"\" class=\"wp-image-237\" srcset=\"https:\/\/farmamacas.cz\/wp-content\/uploads\/2023\/12\/20231206_131520-scaled.jpg 2560w, https:\/\/farmamacas.cz\/wp-content\/uploads\/2023\/12\/20231206_131520-300x139.jpg 300w\" sizes=\"auto, (max-width: 2560px) 100vw, 2560px\" \/><\/figure>\n\n\n\n<figure class=\"wp-block-image size-large\"><img loading=\"lazy\" decoding=\"async\" width=\"1024\" height=\"473\" data-id=\"236\" src=\"https:\/\/farmamacas.cz\/wp-content\/uploads\/2023\/12\/20231206_131509-1024x473.jpg\" alt=\"\" class=\"wp-image-236\" srcset=\"https:\/\/farmamacas.cz\/wp-content\/uploads\/2023\/12\/20231206_131509-1024x473.jpg 1024w, https:\/\/farmamacas.cz\/wp-content\/uploads\/2023\/12\/20231206_131509-300x139.jpg 300w, https:\/\/farmamacas.cz\/wp-content\/uploads\/2023\/12\/20231206_131509-768x355.jpg 768w, https:\/\/farmamacas.cz\/wp-content\/uploads\/2023\/12\/20231206_131509-1536x710.jpg 1536w, https:\/\/farmamacas.cz\/wp-content\/uploads\/2023\/12\/20231206_131509-2048x947.jpg 2048w, https:\/\/farmamacas.cz\/wp-content\/uploads\/2023\/12\/20231206_131509-600x277.jpg 600w\" sizes=\"auto, (max-width: 1024px) 100vw, 1024px\" \/><\/figure>\n\n\n\n<figure class=\"wp-block-image size-large\"><img loading=\"lazy\" decoding=\"async\" width=\"2560\" height=\"1183\" data-id=\"235\" src=\"https:\/\/farmamacas.cz\/wp-content\/uploads\/2023\/12\/20231206_131503-scaled.jpg\" alt=\"\" class=\"wp-image-235\"\/><\/figure>\n\n\n\n<figure class=\"wp-block-image size-large\"><img loading=\"lazy\" decoding=\"async\" width=\"1024\" height=\"473\" data-id=\"234\" src=\"https:\/\/farmamacas.cz\/wp-content\/uploads\/2023\/12\/20231206_131446-1024x473.jpg\" alt=\"\" class=\"wp-image-234\" srcset=\"https:\/\/farmamacas.cz\/wp-content\/uploads\/2023\/12\/20231206_131446-1024x473.jpg 1024w, https:\/\/farmamacas.cz\/wp-content\/uploads\/2023\/12\/20231206_131446-300x139.jpg 300w, https:\/\/farmamacas.cz\/wp-content\/uploads\/2023\/12\/20231206_131446-768x355.jpg 768w, https:\/\/farmamacas.cz\/wp-content\/uploads\/2023\/12\/20231206_131446-1536x710.jpg 1536w, https:\/\/farmamacas.cz\/wp-content\/uploads\/2023\/12\/20231206_131446-2048x947.jpg 2048w, https:\/\/farmamacas.cz\/wp-content\/uploads\/2023\/12\/20231206_131446-600x277.jpg 600w\" sizes=\"auto, (max-width: 1024px) 100vw, 1024px\" \/><\/figure>\n\n\n\n<figure class=\"wp-block-image size-large\"><img loading=\"lazy\" decoding=\"async\" width=\"1024\" height=\"473\" data-id=\"233\" src=\"https:\/\/farmamacas.cz\/wp-content\/uploads\/2023\/12\/20231206_131438-1024x473.jpg\" alt=\"\" class=\"wp-image-233\" srcset=\"https:\/\/farmamacas.cz\/wp-content\/uploads\/2023\/12\/20231206_131438-1024x473.jpg 1024w, https:\/\/farmamacas.cz\/wp-content\/uploads\/2023\/12\/20231206_131438-300x139.jpg 300w, https:\/\/farmamacas.cz\/wp-content\/uploads\/2023\/12\/20231206_131438-768x355.jpg 768w, https:\/\/farmamacas.cz\/wp-content\/uploads\/2023\/12\/20231206_131438-1536x710.jpg 1536w, https:\/\/farmamacas.cz\/wp-content\/uploads\/2023\/12\/20231206_131438-2048x947.jpg 2048w, https:\/\/farmamacas.cz\/wp-content\/uploads\/2023\/12\/20231206_131438-600x277.jpg 600w\" sizes=\"auto, (max-width: 1024px) 100vw, 1024px\" \/><\/figure>\n\n\n\n<figure class=\"wp-block-image size-large\"><img loading=\"lazy\" decoding=\"async\" width=\"2560\" height=\"1183\" data-id=\"199\" src=\"https:\/\/farmamacas.cz\/wp-content\/uploads\/2023\/12\/20231116_125644-scaled.jpg\" alt=\"\" class=\"wp-image-199\"\/><\/figure>\n\n\n\n<figure class=\"wp-block-image size-large\"><img loading=\"lazy\" decoding=\"async\" width=\"1024\" height=\"473\" data-id=\"198\" src=\"https:\/\/farmamacas.cz\/wp-content\/uploads\/2023\/12\/20231116_125633-1024x473.jpg\" alt=\"\" class=\"wp-image-198\" srcset=\"https:\/\/farmamacas.cz\/wp-content\/uploads\/2023\/12\/20231116_125633-1024x473.jpg 1024w, https:\/\/farmamacas.cz\/wp-content\/uploads\/2023\/12\/20231116_125633-300x139.jpg 300w, https:\/\/farmamacas.cz\/wp-content\/uploads\/2023\/12\/20231116_125633-768x355.jpg 768w, https:\/\/farmamacas.cz\/wp-content\/uploads\/2023\/12\/20231116_125633-1536x710.jpg 1536w, https:\/\/farmamacas.cz\/wp-content\/uploads\/2023\/12\/20231116_125633-2048x947.jpg 2048w, https:\/\/farmamacas.cz\/wp-content\/uploads\/2023\/12\/20231116_125633-600x277.jpg 600w\" sizes=\"auto, (max-width: 1024px) 100vw, 1024px\" \/><\/figure>\n\n\n\n<figure class=\"wp-block-image size-large\"><img loading=\"lazy\" decoding=\"async\" width=\"1024\" height=\"473\" data-id=\"197\" src=\"https:\/\/farmamacas.cz\/wp-content\/uploads\/2023\/12\/20231116_125626-1024x473.jpg\" alt=\"\" class=\"wp-image-197\" srcset=\"https:\/\/farmamacas.cz\/wp-content\/uploads\/2023\/12\/20231116_125626-1024x473.jpg 1024w, https:\/\/farmamacas.cz\/wp-content\/uploads\/2023\/12\/20231116_125626-300x139.jpg 300w, https:\/\/farmamacas.cz\/wp-content\/uploads\/2023\/12\/20231116_125626-768x355.jpg 768w, https:\/\/farmamacas.cz\/wp-content\/uploads\/2023\/12\/20231116_125626-1536x710.jpg 1536w, https:\/\/farmamacas.cz\/wp-content\/uploads\/2023\/12\/20231116_125626-2048x947.jpg 2048w, https:\/\/farmamacas.cz\/wp-content\/uploads\/2023\/12\/20231116_125626-600x277.jpg 600w\" sizes=\"auto, (max-width: 1024px) 100vw, 1024px\" \/><\/figure>\n\n\n\n<figure class=\"wp-block-image size-large\"><img loading=\"lazy\" decoding=\"async\" width=\"2560\" height=\"1183\" data-id=\"196\" src=\"https:\/\/farmamacas.cz\/wp-content\/uploads\/2023\/12\/20231116_125617-scaled.jpg\" alt=\"\" class=\"wp-image-196\"\/><\/figure>\n<\/figure>\n\n\n\n<p>Disponujeme kompletn\u00ed technikou pro k\u00e1cen\u00ed strom\u016f, vyv\u00e1\u017een\u00ed a dopravu z lesa.<\/p>\n\n\n\n<figure class=\"wp-block-gallery has-nested-images columns-default is-cropped wp-block-gallery-2 is-layout-flex wp-block-gallery-is-layout-flex\">\n<figure class=\"wp-block-image size-large\"><img decoding=\"async\" data-id=\"209\" src=\"https:\/\/farmamacas.cz\/wp-content\/uploads\/2023\/12\/20231116_131425.jpg\" alt=\"\" class=\"wp-image-209\"\/><\/figure>\n\n\n\n<figure class=\"wp-block-image size-large\"><img loading=\"lazy\" decoding=\"async\" width=\"2560\" height=\"1183\" data-id=\"161\" src=\"https:\/\/farmamacas.cz\/wp-content\/uploads\/2023\/12\/20231116_124706-scaled.jpg\" alt=\"\" class=\"wp-image-161\"\/><\/figure>\n<\/figure>\n","protected":false},"excerpt":{"rendered":"<p>Zpracov\u00e1v\u00e1me d\u0159evo na vlastn\u00ed p\u00e1sov\u00e9 pile. Jsme schopni uspokojit objedn\u00e1vky na standartn\u00ed i atypick\u00e9 rozm\u011bry d\u0159eva. Disponujeme kompletn\u00ed technikou pro k\u00e1cen\u00ed strom\u016f, vyv\u00e1\u017een\u00ed a dopravu&hellip; <\/p>\n","protected":false},"author":1,"featured_media":0,"parent":0,"menu_order":0,"comment_status":"closed","ping_status":"closed","template":"","meta":{"footnotes":""},"class_list":["post-145","page","type-page","status-publish","hentry"],"_links":{"self":[{"href":"https:\/\/farmamacas.cz\/index.php\/wp-json\/wp\/v2\/pages\/145","targetHints":{"allow":["GET"]}}],"collection":[{"href":"https:\/\/farmamacas.cz\/index.php\/wp-json\/wp\/v2\/pages"}],"about":[{"href":"https:\/\/farmamacas.cz\/index.php\/wp-json\/wp\/v2\/types\/page"}],"author":[{"embeddable":true,"href":"https:\/\/farmamacas.cz\/index.php\/wp-json\/wp\/v2\/users\/1"}],"replies":[{"embeddable":true,"href":"https:\/\/farmamacas.cz\/index.php\/wp-json\/wp\/v2\/comments?post=145"}],"version-history":[{"count":9,"href":"https:\/\/farmamacas.cz\/index.php\/wp-json\/wp\/v2\/pages\/145\/revisions"}],"predecessor-version":[{"id":254,"href":"https:\/\/farmamacas.cz\/index.php\/wp-json\/wp\/v2\/pages\/145\/revisions\/254"}],"wp:attachment":[{"href":"https:\/\/farmamacas.cz\/index.php\/wp-json\/wp\/v2\/media?parent=145"}],"curies":[{"name":"wp","href":"https:\/\/api.w.org\/{rel}","templated":true}]}}